inder when 76 is divided by 65?
11
What is the remainder when 2834 is divided by 45?
44
What is the remainder when 638 is divided by 32?
30
What is the remainder when 119 is divided by 12?
11
What is the remainder when 3493 is divided by 581?
7
Calculate the remainder when 182 is divided by 23.
21
Calculate the remainder when 1104 is divided by 41.
38
Calculate the remainder when 59 is divided by 22.
15
What is the remainder when 719 is divided by 142?
9
Calculate the remainder when 26 is divided by 16.
10
What is the remainder when 1968 is divided by 9?
6
Calculate the remainder when 4087 is divided by 11.
6
What is the remainder when 1745 is divided by 97?
96
What is the remainder when 28354 is divided by 12?
10
Calculate the remainder when 1173 is divided by 7.
4
What is the remainder when 10734 is divided by 244?
242
What is the remainder when 942 is divided by 233?
10
What is the remainder when 104 is divided by 103?
1
Calculate the remainder when 68 is divided by 11.
2
Calculate the remainder when 608 is divided by 21.
20
What is the remainder when 37 is divided by 16?
5
What is the remainder when 573 is divided by 96?
93
Calculate the remainder when 529 is divided by 79.
55
What is the remainder when 150 is divided by 36?
6
What is the remainder when 151 is divided by 71?
9
What is the remainder when 476 is divided by 8?
4
Calculate the remainder when 109 is divided by 46.
17
Calculate the remainder when 486 is divided by 5.
1
Calculate the remainder when 32 is divided by 2.
0
Calculate the remainder when 3670 is divided by 610.
10
What is the remainder when 175 is divided by 13?
6
What is the remainder when 157 is divided by 53?
51
What is the remainder when 961 is divided by 8?
1
Calculate the remainder when 898 is divided by 45.
43
What is the remainder when 837 is divided by 30?
27
What is the remainder when 173 is divided by 7?
5
Calculate the remainder when 2515 is divided by 68.
67
Calculate the remainder when 190 is divided by 32.
30
What is the remainder when 2001 is divided by 77?
76
Calculate the remainder when 483 is divided by 44.
43
What is the remainder when 154 is divided by 32?
26
What is the remainder when 762 is divided by 128?
122
What is the remainder when 6458 is divided by 10?
8
What is the remainder when 751 is divided by 242?
25
Calculate the remainder when 65 is divided by 17.
14
Calculate the remainder when 55 is divided by 12.
7
Calculate the remainder when 1314 is divided by 17.
5
What is the remainder when 2639 is divided by 16?
15
What is the remainder when 493 is divided by 19?
18
Calculate the remainder when 584 is divided by 8.
0
Calculate the remainder when 5675 is divided by 34.
31
Calculate the remainder when 439 is divided by 117.
88
Calculate the remainder when 824 is divided by 12.
8
What is the remainder when 1276 is divided by 1274?
2
What is the remainder when 249 is divided by 36?
33
What is the remainder when 12 is divided by 6?
0
Calculate the remainder when 24741 is divided by 35.
31
Calculate the remainder when 216 is divided by 72.
0
Calculate the remainder when 1286 is divided by 30.
26
What is the remainder when 624 is divided by 35?
29
What is the remainder when 167 is divided by 21?
20
What is the remainder when 388 is divided by 27?
10
What is the remainder when 10652 is divided by 9?
5
Calculate the remainder when 581 is divided by 53.
51
What is the remainder when 157 is divided by 38?
5
What is the remainder when 870 is divided by 126?
114
Calculate the remainder when 100 is divided by 94.
6
What is the remainder when 184 is divided by 9?
4
What is the remainder when 9404 is divided by 14?
10
Calculate the remainder when 40029 is divided by 278.
275
Calculate the remainder when 2368 is divided by 173.
119
What is the remainder when 3711 is divided by 16?
15
What is the remainder when 21 is divided by 11?
10
What is the remainder when 3514 is divided by 95?
94
What is the remainder when 252 is divided by 242?
10
Calculate the remainder when 254 is divided by 26.
20
What is the remainder when 154 is divided by 67?
20
What is the remainder when 1524 is divided by 1510?
14
What is the remainder when 1421 is divided by 309?
185
Calculate the remainder when 152 is divided by 32.
24
Calculate the remainder when 106 is divided by 53.
0
What is the remainder when 447 is divided by 32?
31
What is the remainder when 515 is divided by 11?
9
What is the remainder when 104 is divided by 35?
34
Calculate the remainder when 519 is divided by 247.
25
Calculate the remainder when 42 is divided by 9.
6
What is the remainder when 6 is divided by 5?
1
What is the remainder when 309 is divided by 39?
36
Calculate the remainder when 440 is divided by 154.
132
Calculate the remainder when 678 is divided by 662.
16
What is the remainder when 30 is divided by 17?
13
What is the remainder when 389 is divided by 360?
29
What is the remainder when 5487 is divided by 8?
7
What is the remainder when 211 is divided by 7?
1
Calculate the remainder when 4796 is divided by 12.
8
What is the remainder when 853 is divided by 567?
286
Calculate the remainder when 250 is divided by 4.
2
Calculate the remainder when 83 is divided by 50.
33
Calculate the remainder when 362 is divided by 62.
52
What is the remainder when 23182 is divided by 276?
274
Calculate the remainder when 15 is divided by 5.
0
What is the remainder when 526 is divided by 66?
64
What is the remainder when 8374 is divided by 6?
4
What is the remainder when 5671 is divided by 61?
59
What is the remainder when 1721 is divided by 6?
5
Calculate the remainder when 670 is divided by 656.
14
What is the remainder when 443 is divided by 16?
11
Calculate the remainder when 315 is divided by 25.
15
What is the remainder when 1656 is divided by 64?
56
Calculate the remainder when 169 is divided by 63.
43
Calculate the remainder when 316 is divided by 89.
49
Calculate the remainder when 2147 is divided by 58.
1
What is the remainder when 2215 is divided by 22?
15
What is the remainder when 17 is divided by 11?
6
What is the remainder when 149 is divided by 14?
9
Calculate the remainder when 285 is divided by 24.
21
Calculate the remainder when 104 is divided by 15.
14
What is the remainder when 1408 is divided by 47?
45
Calculate the remainder when 462 is divided by 33.
0
What is the remainder when 497 is divided by 20?
17
Calculate the remainder when 24821 is divided by 8.
5
Calculate the remainder when 272 is divided by 5.
2
What is the remainder when 1624 is divided by 136?
128
Calculate the remainder when 207 is divided by 22.
9
Calculate the remainder when 166 is divided by 46.
28
What is the remainder when 1148 is divided by 25?
23
What is the remainder when 1758 is divided by 14?
8
Calculate the remainder when 34 is divided by 12.
10
What is the remainder when 95 is divided by 49?
46
What is the remainder when 957 is divided by 24?
21
Calculate the remainder when 2688 is divided by 193.
179
Calculate the remainder when 491 is divided by 66.
29
What is the remainder when 146 is divided by 71?
4
Calculate the remainder when 194 is divided by 49.
47
What is the remainder when 2979 is divided by 212?
11
Calculate the remainder when 425 is divided by 73.
60
What is the remainder when 741 is divided by 6?
3
What is the remainder when 11661 is divided by 48?
45
Calculate the remainder when 268 is divided by 21.
16
Calculate the remainder when 75 is divided by 13.
10
Calculate the remainder when 763 is divided by 244.
31
What is the remainder when 3728 is divided by 248?
8
What is the remainder when 35 is divided by 12?
11
What is the remainder when 403 is divided by 102?
97
What is the remainder when 206 is divided by 54?
44
What is the remainder when 342 is divided by 67?
7
Calculate the remainder when 6531 is divided by 142.
141
What is the remainder when 424 is divided by 10?
4
Calculate the remainder when 330 is divided by 13.
5
Calculate the remainder when 33 is divided by 3.
0
Calculate the remainder when 38 is divided by 15.
8
Calculate the remainder when 1960 is divided by 217.
7
What is the remainder when 181 is divided by 62?
57
Calculate the remainder when 2946 is divided by 22.
20
What is the remainder when 1221 is divided by 98?
45
What is the 